Let n(l) = 8*l - 15. Let q(u) = -u + 1. Let d = 10 + -11. Let a(i) = d*n(i) - 6*q(i). Calculate a(6).
-3
Let h(o) be the second derivative of -2*o - 2/3*o**3 + 0 - 3/2*o**2. Calculate h(-3).
9
Let p(b) = b**2 - 5*b. Let d(o) = -4*o**3 + o**2 - o - 1. Let g be d(-1). Determine p(g).
0
Let w = -10 - -22. Suppose -w = -l - 2*l. Let k(z) = 5*z + 1 - l - 4*z. Give k(-3).
-6
Let l(b) = -b**3 + 2*b**2 + 2*b - 2. Let c be (-12)/3 - (-5 - -4). Let o be 0 + (-1)/(1/c). Calculate l(o).
-5
Let g = -2 - -4. Let u be 26 + -30 - 2/(4/(-18)). Suppose -3*x = -g*x - u. Let w(m) = -m**2 + 6*m - 7. What is w(x)?
-2
Let t(h) be the first derivative of h**5/60 + h**4/12 - h**3/3 - 3*h**2 - 3. Let p(r) be the second derivative of t(r). Calculate p(3).
13
Let v(n) be the second derivative of -n**3/6 + 5*n**2/2 + 5*n. Determine v(4).
1
Let f(c) be the third derivative of c**4/8 - c**3/3 - c**2. Give f(-3).
-11
Let x(r) = 6*r - 5. Let z(j) be the third derivative of j**4/24 - j**3/6 - 5*j**2. Let f(a) = -x(a) + 5*z(a). What is f(6)?
-6
Let t(u) = 13*u**2 + 4*u - 10. Let r(p) = 11*p**2 + 5*p - 11. Let i(v) = 6*r(v) - 5*t(v). Determine i(-11).
-5
Let q(v) = -9*v**2 + 1. Let x(w) = -w**2 - 8*w - 1. Let m be x(-8). Determine q(m).
-8
Let x(t) = -t**2 + 3*t - 2. Suppose 0*a - 5*a + 15 = 0. Suppose 0 = -3*o + a. Let p = 3 + o. What is x(p)?
-6
Suppose -p + 7 = -9. Let g(u) = -2*u**2 - 2*u + u**3 + 18 - 2*u**3 - p. Suppose -3*k = -2*k + 2. What is g(k)?
6
Let o be -6*(-3 - 20/(-6)). Let b be 0 - (-2 + 2/o). Let v(c) = -4*c + 4. What is v(b)?
-8
Let g(w) = -w**3 - 3*w**2 - w + 1. Suppose 5*h = 13 - 23. What is g(h)?
-1
Let p(n) be the third derivative of -1/12*n**5 + 0*n + 0*n**3 + 0 + 2*n**2 + 0*n**4. Let i = -2 - -1. Determine p(i).
-5
Let m(l) = -l + 1. Let g be 9*-2*1/(-3). Calculate m(g).
-5
Let q(a) be the third derivative of a**5/60 - a**4/8 + 20*a**2. Calculate q(2).
-2
Let l(k) be the first derivative of -5/2*k**2 + 2 - k**3 + 1/4*k**4 + 5*k. Suppose 0 = -3*a + a + 8. Determine l(a).
1
Let a be 54/(-10) + (-24)/40. Suppose 1 = -b - 3*u + 2, -4*b + 4*u = 12. Let o = b - a. Let y(v) = v + 1. Give y(o).
5
Let g(n) = n. Let q be (-3)/(-2)*(60/18 + -4). What is g(q)?
-1
Suppose -2*n - n + 183 = 0. Let f = n - 41. Let m be (4/10)/(4/f). Let p(a) = a**2 - 2*a. Give p(m).
0
Let o(t) = t**3 + t**2 - 3*t - 2. Let d(p) = -p**2 + 2*p + 1. Suppose 0 = 2*h - 4 - 2. Let f be d(h). Calculate o(f).
0
Let f(k) be the first derivative of -3*k**2/2 - 8*k - 3. Calculate f(-6).
10
Let z(x) be the second derivative of 2*x**3/3 + x**2/2 + 7*x. Calculate z(1).
5
Let r(x) = 8 - 2*x - 5 - 4. Give r(-3).
5
Let u(o) = o**3 - 10*o**2 - 10*o - 10. Let n be u(11). Suppose 8*p - 15 = 3*p. Let g = n - p. Let t(k) = -3*k - 3. Calculate t(g).
3
Let s(v) = -v**3 + 3*v**2 - 2*v + 1. Let o be ((-25)/10 - -3)*6. Give s(o).
-5
Let d(y) = y**2 + y - 1. Suppose -s + 5 = -7. Let k be s/(-9) + (-2)/3. Determine d(k).
1
Let w(d) = -d**2 + d. Let x(m) = -m**3 - 11*m**2 - 4. Suppose 0 = -5*q - 0*q - 5. Let o(n) = q*x(n) + 5*w(n). Suppose 0 = 7*u + 23 + 12. Give o(u).
4
Let t(n) = n + 1. Let l(c) = -6. Let f(o) = -15. Let m(z) = -5*f(z) + 12*l(z). Let q(j) = m(j) - 3*t(j). Calculate q(2).
-6
Let p = 8 + -14. Let k(m) be the second derivative of m**5/20 + 7*m**4/12 + 5*m**3/6 - 3*m**2 - 3*m. Give k(p).
0
Let x(v) be the first derivative of 1/4*v**4 - 2*v**2 + 2 + 1/3*v**3 - v - 1/20*v**5. Let w(s) be the first derivative of x(s). Give w(3).
2
Let h(i) = 7*i**2 - 5*i**3 - 12*i - 3 + 3*i + 6*i**3. What is h(-8)?
5
Let p(l) = 5*l**2 - 2*l - 2. Let k = -18 - -20. Give p(k).
14
Suppose -2*c = 4, 0 = -5*v - 5*c + 1 + 9. Let f(x) = -x**3 + 1 - 5*x + 4 + 4*x**2 + 4*x + v*x. Calculate f(5).
-5
Let b(t) = 7*t - 5. Let v(k) be the second derivative of -13*k**3/6 + 5*k**2 + 5*k. Let l(r) = 11*b(r) + 6*v(r). What is l(6)?
-1
Suppose 5*d = 5 + 10. Let a(p) = p**3 - p**2 - 2*p - 1. Calculate a(d).
11
Let g(p) = p**3 + 4*p**2 - p - 2. Let c be g(-4). Let q(d) = -5*d**2 - 5 + 4*d**c + 0*d**2 - d**3 + 5*d + 4*d**2. What is q(4)?
-1
Let u(b) = -5 - 19 + 4*b - 7. Let r(t) = -15 + 5*t + 5 - 4*t. Let o(y) = -7*r(y) + 2*u(y). Give o(-6).
2
Suppose -2*w = -7*w + 10. Let c(s) = -4 - 3 - 4*s + s**2 + 0*s**w. Calculate c(5).
-2
Let k = -68 - -70. Let o(c) = 3*c**2 - 2*c + 3. Determine o(k).
11
Let u(r) = 7*r**3 + 4*r**2 + 5*r - 8. Let v = 12 + 2. Let p(x) = -11*x - 15*x**3 + 6 + 11 - v*x**2 + 5*x**2. Let t(n) = -6*p(n) - 13*u(n). Determine t(2).
4
Let d(q) = 2*q**2 + q - 1. Let u = -4 + 4. Suppose -5*y = 4*n - 25, n = 2*y - u*y + 3. Suppose 4*r = -n - 3. Determine d(r).
5
Let t(h) be the first derivative of h**4/6 - h**3/6 - h**2 - 3*h - 1. Let d(s) be the first derivative of t(s). What is d(-2)?
8
Let m(l) = -l**3 + 9*l**2 - 6*l - 6. Suppose 4*f - 3*f = 8. Give m(f).
10
Let y be (4/6)/(-1 - 34/(-30)). Let t(i) = 5 - 2*i**2 - 2*i + 3*i**2 - 5*i. Give t(y).
-5
Suppose -5*q = -2*q. Let n be (-2)/6*-3 + q. Let k = n + 0. Let r(h) = h - 1. Give r(k).
0
Let n be (1/3)/(3/9). Let d be (n + -2)*(11 - 4). Let p = -6 - d. Let q(i) = 13*i - 1. Determine q(p).
12
Let k(x) be the first derivative of x**3/3 - 3*x**2 + 8*x + 1. Let r(b) = -b**2 + 2*b + 1. Let a be r(-1). Let d = 8 + a. Calculate k(d).
8
Let a(u) be the second derivative of 1/6*u**3 - 3*u + 0 - 3/2*u**2. Give a(0).
-3
Let r(n) = 181*n - 99*n - 98*n. Determine r(-1).
16
Let i(j) = j - 2. Let s(r) = 4*r - 11. Let t(h) = -6*i(h) + s(h). Calculate t(-4).
9
Let o(a) = -2*a - 5 + a - 5*a + 3*a. Let p(u) = u**3 - 3*u**2 - u - 1. Let t be p(3). What is o(t)?
7
Let r(l) = -6*l - l + 3 + 8*l. Calculate r(-4).
-1
Let b(m) = -2*m + 1. Let r(h) = -5*h + 13. Let p(v) = 4*b(v) - r(v). Calculate p(-4).
3
Let h be -18 + 3/(-9)*0. Let n = -13 - h. Let i(l) = -l + 6. Calculate i(n).
1
Let n be -1 + (-10)/3 - (-250)/(-375). Let f(a) be the second derivative of a**4/12 + a**3/2 - a**2 + a. Calculate f(n).
8
Let h(p) = -2*p**3 - 2*p**2 + 3*p + 3. Let y(x) = 2*x + 24. Let n be y(-13). What is h(n)?
5
Suppose 0*z = 5*g + 3*z - 23, z = -g + 5. Suppose d + 0*d = g. Suppose 7*x - d*x = 12. Let v(o) = -o - 2. What is v(x)?
-6
Let g(c) = -c**2 - 5*c + 3. Let f be g(-5). Let r = 3 - f. Let h(s) = -s - 3. What is h(r)?
-3
Let u(z) = z**3 - z**2 + 3*z + 3. Let l be u(3). Let a = 53 - l. Suppose -a + 7 = 4*o. Let b(i) = -i**3 - 3*i**2 + 5*i + 5. Give b(o).
1
Let g be (1 + -1)/(7 + -5). Let n = g + 2. Let a(b) = -b**2 + 2*b. What is a(n)?
0
Let h be (-4 + 1)/(12/(-8)). Let c be 1/h - (-7)/(-2). Let j(l) = -l**2 - l + 4. Determine j(c).
-2
Suppose 0 = -y + 2 - 1. Let h = 6 - y. Let c(t) = -8*t**3 - 2 + t**2 + 4*t**2 + 5*t**3 + 2*t**3. Give c(h).
-2
Let g(c) = -c**3 + 3*c - 3. Let d = -14 + 16. Give g(d).
-5
Let r be -8*((-12)/(-8) + -1). Let h(c) = -c**2 - 6*c - 5. Determine h(r).
3
Suppose 0*p + 5*p + 35 = 2*t, -t - 20 = 5*p. Let s = t - 10. Let v(n) = n**3 + 4*n**2 - 5*n + 5. Determine v(s).
5
Let z = -178 + 181. Let w(s) be the first derivative of -1/2*s**2 + z + 4*s. Calculate w(3).
1
Let i(g) be the second derivative of g**3/6 - g**2/2 + 3*g. Let v(m) = m**2 + 8*m - 3. Let q(u) = 4*i(u) - v(u). Calculate q(-4).
-1
Let j(i) = i**2 - 4*i - 1. Suppose 5*z + 5*h = 20, -5*h + 0 = 2*z + 1. Let u(f) = -f**2 + 9*f - 8. Let r be u(z). Let c = -3 + r. Give j(c).
-4
Let a be 123/5 - 2/(-5). Suppose -4*u = u + a. Let w(r) = r**3 + 5*r**2 + 6. Calculate w(u).
6
Let n(x) be the first derivative of 7*x**2/2 - 5. Give n(2).
14
Let x(k) be the first derivative of -k**7/840 + k**6/72 - k**5/40 + k**4/12 - 4*k**3/3 - 1. Let b(v) be the third derivative of x(v). Determine b(4).
6
Let r be 3/(-2)*4/(-3). Let u(m) = 6 - m**r - 10 + 3. Give u(-1).
-2
Let s(f) be the third derivative of 5*f**2 + 0*f - 1/60*f**5 + 1/24*f**4 + 2/3*f**3 + 0. Give s(3).
-2
Suppose -4*m - 9 = -7*m. Let t(r) = -7*r + 4. Calculate t(m).
-17
Let z(a) be the first derivative of a**4/12 + 2*a**3/3 + a**2 + 2. Let x(f) be the second derivative of z(f). Let i(s) = s - 2. Let w be i(-3). Give x(w).
-6
Suppose h + 4*h + 3*c = 25, h = 3*c + 5. Let b(a) = -a + 2. Determine b(h).
-3
Suppose 0 = 4*o - d - 20, 2*o + 0*d = 5*d + 28. Suppose -7 = -o*y + 9. Let f = y + -7. Let t(h) = h + 4. What is t(f)?
1
Suppose -4*g + c = 3 - 4, 0 = -g - 4*c - 4. Let f(b) be the third deriva